?
3, 163, 563, 7793
List the prime factors of 70270401.
3, 17, 1377851
What are the prime factors of 805146728?
2, 9377, 10733
What are the prime factors of 52474181?
19, 449, 6151
What are the prime factors of 185471709?
3, 61823903
List the prime factors of 825017556.
2, 3, 11, 683, 9151
List the prime factors of 3557110922.
2, 1778555461
What are the prime factors of 55066207?
7, 1613, 4877
List the prime factors of 347236117.
347236117
List the prime factors of 3448689229.
37, 61, 1527997
What are the prime factors of 15692248?
2, 11, 13, 29, 43
List the prime factors of 31727017.
7, 19, 149, 1601
List the prime factors of 279042478.
2, 11, 13, 47, 20759
List the prime factors of 3230841.
3, 41, 26267
List the prime factors of 1690155629.
107, 811, 19477
What are the prime factors of 237526795?
5, 11, 4318669
What are the prime factors of 52924?
2, 101, 131
What are the prime factors of 581590643?
47, 157, 269, 293
List the prime factors of 6148327754.
2, 23, 83, 1610353
What are the prime factors of 3628865687?
23, 37, 4264237
List the prime factors of 81145459.
81145459
What are the prime factors of 1242759744?
2, 3, 31, 79, 881
List the prime factors of 380448505.
5, 523, 145487
List the prime factors of 49949637.
3, 16649879
List the prime factors of 18123939.
3, 671257
List the prime factors of 47418438.
2, 3, 7903073
List the prime factors of 45891166.
2, 29, 791227
What are the prime factors of 4738377873?
3, 14563, 108457
What are the prime factors of 6710766?
2, 3, 601, 1861
What are the prime factors of 552279418?
2, 211, 1308719
List the prime factors of 253792937.
19, 13357523
List the prime factors of 52187286.
2, 3, 89, 97729
What are the prime factors of 106525619?
349, 305231
What are the prime factors of 98971084?
2, 29, 59, 14461
What are the prime factors of 151931583?
3, 23, 37, 83, 239
What are the prime factors of 295201604?
2, 3793, 19457
What are the prime factors of 59956575?
3, 5, 7, 114203
List the prime factors of 72732986.
2, 29, 1254017
List the prime factors of 73677058.
2, 7, 13, 404819
List the prime factors of 44062736.
2, 2753921
List the prime factors of 830582036.
2, 19, 1163, 9397
What are the prime factors of 110229306?
2, 3, 11, 149, 1019
List the prime factors of 1161927232.
2, 47, 386279
List the prime factors of 4973583935.
5, 479, 2076653
List the prime factors of 71540269.
3931, 18199
List the prime factors of 683225721.
3, 75913969
List the prime factors of 340053288.
2, 3, 43, 79, 97
What are the prime factors of 1058230607?
7, 137, 157639
List the prime factors of 55947084.
2, 3, 109, 42773
What are the prime factors of 6349133267?
233, 27249499
List the prime factors of 919666664.
2, 7, 353, 46523
What are the prime factors of 2295650549?
2295650549
What are the prime factors of 248587145?
5, 179, 277751
List the prime factors of 74581079.
74581079
What are the prime factors of 256061145?
3, 5, 71, 240433
What are the prime factors of 2697008686?
2, 27751, 48593
List the prime factors of 65461852.
2, 16365463
What are the prime factors of 394238331?
3, 23, 1904533
What are the prime factors of 1081400897?
5879, 183943
What are the prime factors of 1409135404?
2, 29, 1847, 6577
What are the prime factors of 343883572?
2, 4987, 17239
What are the prime factors of 1083079098?
2, 3, 43, 79, 17713
List the prime factors of 1245405860.
2, 5, 2381, 26153
List the prime factors of 1242396439.
16421, 75659
What are the prime factors of 710505?
3, 5, 19, 277
List the prime factors of 56070140.
2, 5, 7, 19, 107, 197
What are the prime factors of 73114785?
3, 5, 379, 1429
What are the prime factors of 6403768645?
5, 19, 1223, 55117
What are the prime factors of 33725470?
2, 5, 3372547
What are the prime factors of 6337050835?
5, 6361, 199247
List the prime factors of 34111662.
2, 3, 13, 163, 2683
List the prime factors of 2186700753.
3, 728900251
What are the prime factors of 555321632?
2, 17353801
List the prime factors of 534720226.
2, 37, 7225949
What are the prime factors of 65785350?
2, 3, 5, 438569
List the prime factors of 246261515.
5, 67, 735109
List the prime factors of 12912735.
3, 5, 11, 78259
List the prime factors of 320348028.
2, 3, 7, 11, 13, 26669
List the prime factors of 105029580.
2, 3, 5, 1750493
List the prime factors of 727613683.
19, 29, 1320533
List the prime factors of 4833976.
2, 7, 37, 2333
List the prime factors of 168730142.
2, 7, 97, 124249
What are the prime factors of 644223729?
3, 214741243
List the prime factors of 452607357.
3, 150869119
What are the prime factors of 76170370?
2, 5, 17, 167, 2683
What are the prime factors of 370182869?
7, 2011, 26297
What are the prime factors of 4505223855?
3, 5, 11, 19, 130643
What are the prime factors of 2132894591?
2132894591
List the prime factors of 130045018.
2, 107, 557, 1091
List the prime factors of 2647836228.
2, 3, 71, 3107789
What are the prime factors of 356687920?
2, 5, 4458599
What are the prime factors of 279145864?
2, 34893233
List the prime factors of 264578445.
3, 5, 5879521
List the prime factors of 28743815.
5, 5748763
List the prime factors of 30576877.
30576877
List the prime factors of 6176386406.
2, 3088193203
List the prime factors of 78128833.
1913, 40841
List the prime factors of 151090243.
23, 101, 193, 337
List the prime factors of 61060694.
2, 30530347
List the prime factors of 49364183.
11, 31, 144763
List the prime factors of 23423379.
3, 7, 1115399
What are the prime factors of 4661749615?
5, 103, 1303, 6947
What are the prime factors of 117164170?
2, 5, 17, 689201
What are the prime factors of 135925002?
2, 3, 1087, 6947
What are the prime factors of 3230329?
131, 24659
List the prime factors of 956907408.
2, 3, 79, 127, 1987
What are the prime factors of 3894866184?
2, 3, 11, 23, 167
List the prime factors of 61918855.
5, 12383771
List the prime factors of 5965038506.
2, 7, 17, 461, 54367
What are the prime factors of 9731443?
29, 335567
What are the prime factors of 2685913538?
2, 7, 11, 17, 146563
List the prime factors of 997116467.
173, 5763679
List the prime factors of 100492062.
2, 3, 11, 1522607
What are the prime factors of 47593012?
2, 11898253
What are the prime factors of 2145349610?
2, 5, 23, 9327607
What are the prime factors of 314785613?
23, 89, 103, 1493
List the prime factors of 54726652.
2, 13681663
List the prime factors of 116497270.
2, 5, 59, 197453
List the prime factors of 124538982.
2, 3, 617, 33641
What are the prime factors of 31100647?
31100647
List the prime factors of 27732288.
2, 3, 144439
What are the prime factors of 121785876?
2, 3, 137, 8231
List the prime factors of 259625783.
59, 863, 5099
List the prime factors of 211189409.
211189409
What are the prime factors of 45274296?
2, 3, 53, 35593
List the prime factors of 1924125.
3, 5, 7, 733
What are the prime factors of 150214267?
7, 21459181
List the prime factors of 49148879.
13, 659, 5737
List the prime factors of 227212164.
2, 3, 131, 48179
List the prime factors of 92362917.
3, 23, 67, 19979
What are the prime factors of 53202747?
3, 13, 157, 8689
List the prime factors of 57345093.
3, 13, 29, 16901
What are the prime factors of 811549813?
811549813
What are the prime factors of 388913230?
2, 5, 113, 344171
List the prime factors of 4825281781.
19, 31, 97, 84457
List the prime factors of 517524743.
517524743
What are the prime factors of 35663720?
2, 5, 891593
List the prime factors of 763161224.
2, 7, 31, 59, 7451
List the prime factors of 124761263.
11, 2767, 4099
List the prime factors of 26291146.
2, 7, 17, 43, 367
What are the prime factors of 445709385?
3, 5, 11, 33349
What are the prime factors of 123165114?
2, 3, 20527519
What are the prime factors of 1067268999?
3, 2851, 124783
List the prime factors of 67407522.
2, 3, 7, 13, 123457
List the prime factors of 69853331.
1889, 36979
List the prime factors of 4913640.
2, 3, 5, 13649
What are the prime factors of 137868579?
3, 19, 739, 1091
List the prime factors of 1362709701.
3, 857, 176677
What are the prime factors of 198261545?
5, 29, 47149
List the prime factors of 4262264380.
2, 5, 11, 577, 33577
What are the prime factors of 60634399?
7, 8662057
What are the prime factors of 57989249?
37, 541, 2897
What are the prime factors of 29326238?
2, 6